the highest common factor of 183 and 61.
61
What is the greatest common divisor of 28 and 7?
7
What is the highest common factor of 1178 and 608?
38
Calculate the highest common factor of 87 and 27.
3
Calculate the greatest common divisor of 458 and 16.
2
Calculate the highest common factor of 20 and 14520.
20
What is the greatest common factor of 63 and 301?
7
Calculate the highest common divisor of 942 and 6.
6
Calculate the highest common factor of 100 and 4.
4
What is the highest common factor of 192 and 864?
96
Calculate the greatest common divisor of 3358 and 46.
46
Calculate the greatest common divisor of 100 and 170.
10
What is the greatest common factor of 167 and 1?
1
What is the greatest common divisor of 2627 and 71?
71
What is the greatest common divisor of 399 and 171?
57
Calculate the greatest common factor of 1620 and 225.
45
What is the greatest common divisor of 44448 and 12?
12
What is the highest common factor of 334 and 4?
2
What is the greatest common factor of 116 and 36?
4
What is the greatest common divisor of 11 and 1639?
11
What is the highest common divisor of 125 and 200?
25
What is the greatest common factor of 2224 and 64?
16
What is the highest common divisor of 1 and 14887?
1
Calculate the highest common divisor of 290 and 85.
5
Calculate the highest common divisor of 304 and 57.
19
What is the greatest common factor of 70 and 350?
70
What is the highest common factor of 52024 and 56?
56
What is the greatest common factor of 102 and 21?
3
Calculate the greatest common divisor of 92 and 92.
92
What is the greatest common divisor of 5263 and 19?
19
Calculate the greatest common divisor of 102 and 170.
34
Calculate the greatest common divisor of 51 and 2176.
17
Calculate the greatest common factor of 1224 and 90.
18
Calculate the greatest common divisor of 52 and 8.
4
Calculate the greatest common divisor of 4715 and 1640.
205
What is the highest common divisor of 6 and 2?
2
What is the highest common divisor of 1 and 43?
1
What is the greatest common factor of 67 and 3283?
67
Calculate the highest common divisor of 56 and 2044.
28
Calculate the highest common factor of 1392 and 5481.
87
What is the highest common factor of 1442 and 28?
14
What is the highest common divisor of 70 and 56?
14
What is the greatest common divisor of 234 and 378?
18
What is the highest common divisor of 1247 and 2150?
43
What is the greatest common factor of 783 and 81?
27
Calculate the highest common factor of 6100 and 400.
100
Calculate the highest common factor of 24 and 2724.
12
What is the greatest common divisor of 16 and 24208?
16
What is the highest common divisor of 183 and 61?
61
What is the highest common divisor of 334 and 18?
2
What is the highest common factor of 585 and 65?
65
What is the greatest common factor of 286 and 19305?
143
What is the highest common factor of 182 and 574?
14
What is the highest common divisor of 13706 and 178?
178
What is the greatest common factor of 1102 and 116?
58
Calculate the greatest common factor of 14040 and 195.
195
What is the greatest common factor of 249 and 913?
83
What is the greatest common factor of 54 and 240?
6
What is the highest common divisor of 109 and 872?
109
Calculate the highest common factor of 186 and 16554.
186
Calculate the highest common divisor of 361 and 475.
19
Calculate the highest common factor of 1729 and 57.
19
Calculate the greatest common factor of 23 and 2047.
23
What is the highest common factor of 17101 and 98?
49
Calculate the greatest common divisor of 3471 and 377.
13
Calculate the highest common divisor of 124 and 589.
31
What is the greatest common factor of 10 and 25?
5
What is the highest common factor of 154 and 385?
77
Calculate the greatest common factor of 48 and 12.
12
Calculate the highest common factor of 10 and 2738.
2
Calculate the highest common factor of 30 and 10.
10
What is the highest common divisor of 240 and 24?
24
What is the highest common divisor of 8 and 2116?
4
What is the greatest common divisor of 750 and 100?
50
What is the highest common factor of 525 and 310?
5
What is the highest common divisor of 24 and 30?
6
What is the greatest common divisor of 45 and 555?
15
Calculate the greatest common factor of 33 and 132.
33
Calculate the greatest common divisor of 184 and 8.
8
Calculate the greatest common divisor of 43 and 172.
43
Calculate the greatest common factor of 40 and 36740.
20
Calculate the greatest common divisor of 5282 and 139.
139
What is the greatest common divisor of 38 and 34?
2
Calculate the greatest common factor of 27 and 225.
9
What is the highest common divisor of 13 and 413?
1
Calculate the greatest common factor of 836 and 33.
11
What is the greatest common factor of 11 and 5?
1
What is the highest common divisor of 117 and 26?
13
Calculate the highest common factor of 2002 and 616.
154
What is the highest common factor of 608 and 32?
32
Calculate the highest common divisor of 23 and 437.
23
What is the highest common factor of 126 and 56?
14
What is the greatest common factor of 10752 and 21?
21
Calculate the highest common factor of 21 and 63.
21
What is the highest common factor of 2385 and 3?
3
Calculate the greatest common divisor of 2688 and 252.
84
What is the greatest common divisor of 285 and 399?
57
Calculate the highest common factor of 737 and 134.
67
Calculate the highest common factor of 16 and 34.
2
Calculate the greatest common divisor of 472 and 413.
59
What is the greatest common divisor of 20 and 1280?
20
Calculate the highest common divisor of 5146 and 332.
166
What is the greatest common divisor of 2904 and 24?
24
What is the greatest common factor of 2240 and 35?
35
Calculate the greatest common factor of 119 and 68.
17
What is the greatest common factor of 276 and 3496?
92
What is the highest common divisor of 440 and 1276?
44
Calculate the greatest common factor of 273 and 21.
21
Calculate the greatest common factor of 2268 and 168.
84
Calculate the highest common factor of 1060 and 20.
20
Calculate the greatest common divisor of 2 and 43.
1
What is the highest common factor of 448 and 7?
7
What is the greatest common factor of 657 and 73?
73
What is the highest common factor of 108 and 8964?
108
What is the highest common factor of 3102 and 66?
66
What is the highest common factor of 82 and 4797?
41
Calculate the greatest common divisor of 55 and 517.
11
What is the greatest common factor of 592 and 3700?
148
What is the greatest common divisor of 13 and 208?
13
What is the highest common divisor of 138 and 15?
3
Calculate the greatest common divisor of 39 and 75777.
39
What is the highest common factor of 133 and 38?
19
Calculate the greatest common divisor of 801 and 27.
9
Calculate the greatest common divisor of 490 and 35.
35
What is the highest common factor of 11 and 31?
1
What is the highest common divisor of 34479 and 3?
3
Calculate the greatest common factor of 18 and 117.
9
Calculate the greatest common factor of 15 and 69.
3
Calculate the greatest common divisor of 19 and 95.
19
What is the greatest common divisor of 104 and 1612?
52
What is the greatest common divisor of 1988 and 56?
28
What is the highest common divisor of 132 and 192?
12
What is the highest common divisor of 1843 and 97?
97
What is the highest common divisor of 484 and 605?
121
What is the greatest common divisor of 36437 and 249?
83
What is the highest common divisor of 6 and 2778?
6
Calculate the greatest common factor of 6 and 21.
3
Calculate the greatest common factor of 4242 and 28.
14
What is the highest common divisor of 11 and 649?
11
What is the highest common divisor of 180 and 13800?
60
Calculate the highest common factor of 488 and 4.
4
What is the highest common divisor of 184 and 4?
4
Calculate the greatest common divisor of 14 and 182.
14
What is the greatest common divisor of 1071 and 187?
17
What is the highest common factor of 207 and 12?
3
Calculate the greatest common divisor of 348 and 1450.
58
Calculate the greatest common factor of 884 and 52.
52
Calculate the greatest common divisor of 3 and 12.
3
Calculate the greatest common factor of 8 and 3592.
8
Calculate the highest common divisor of 32 and 92.
4
What is the greatest common divisor of 30807 and 189?
189
What is